base 6
5
What is 38 (base 14) in base 12?
42
7 (base 11) to base 8
7
4c (base 13) to base 6
144
-1 (base 10) to base 8
-1
What is -123 (base 10) in base 15?
-83
What is -2 (base 16) in base 11?
-2
-23 (base 10) to base 6
-35
Convert 12000 (base 3) to base 10.
135
What is -78 (base 10) in base 2?
-1001110
Convert 80 (base 16) to base 3.
11202
What is -101111 (base 2) in base 16?
-2f
a (base 13) to base 3
101
-4 (base 7) to base 11
-4
Convert -24 (base 14) to base 15.
-22
What is 2 (base 4) in base 2?
10
Convert 3 (base 15) to base 9.
3
-1 (base 12) to base 9
-1
Convert -1001 (base 2) to base 3.
-100
Convert -13 (base 13) to base 11.
-15
19 (base 15) to base 7
33
Convert 2 (base 3) to base 4.
2
What is -143 (base 9) in base 12?
-a0
-20200 (base 3) to base 9
-220
-10 (base 4) to base 7
-4
88 (base 12) to base 11
95
3c (base 13) to base 11
47
What is 11111 (base 2) in base 9?
34
Convert 156 (base 10) to base 16.
9c
11 (base 5) to base 9
6
What is -3 (base 7) in base 10?
-3
What is 6 (base 13) in base 9?
6
b (base 14) to base 7
14
Convert 0 (base 13) to base 12.
0
-102 (base 3) to base 11
-10
-b9 (base 15) to base 5
-1144
Convert 12010 (base 3) to base 5.
1023
Convert 14 (base 8) to base 10.
12
-2 (base 16) to base 2
-10
What is 21 (base 3) in base 6?
11
12 (base 3) to base 15
5
-13 (base 13) to base 6
-24
34 (base 7) to base 3
221
What is 22 (base 5) in base 9?
13
111 (base 3) to base 4
31
44 (base 16) to base 15
48
Convert 3 (base 16) to base 5.
3
What is -6 (base 8) in base 16?
-6
-103 (base 4) to base 8
-23
Convert 1a (base 13) to base 7.
32
Convert -145 (base 6) to base 5.
-230
-14 (base 13) to base 8
-21
Convert 130 (base 7) to base 5.
240
Convert 32 (base 8) to base 10.
26
What is 3 (base 16) in base 8?
3
What is 31 (base 9) in base 13?
22
Convert -58 (base 12) to base 14.
-4c
Convert -26 (base 9) to base 5.
-44
What is 167 (base 8) in base 13?
92
Convert 3 (base 5) to base 2.
11
-3 (base 5) to base 10
-3
-1111 (base 2) to base 3
-120
-1111011 (base 2) to base 16
-7b
23 (base 15) to base 11
30
-a7 (base 15) to base 3
-12211
What is -12 (base 3) in base 11?
-5
Convert -3e (base 15) to base 10.
-59
Convert 14 (base 5) to base 9.
10
Convert 4 (base 12) to base 9.
4
What is a3 (base 11) in base 10?
113
10 (base 2) to base 6
2
Convert 144 (base 9) to base 14.
89
What is 1 (base 2) in base 12?
1
-10 (base 7) to base 4
-13
Convert -140 (base 7) to base 14.
-57
61 (base 13) to base 15
54
Convert 2 (base 3) to base 12.
2
What is -2220 (base 3) in base 8?
-116
175 (base 9) to base 7
302
1 (base 9) to base 7
1
Convert 1 (base 15) to base 11.
1
-22 (base 10) to base 6
-34
-424 (base 5) to base 3
-11020
What is -2 (base 3) in base 14?
-2
What is -58 (base 10) in base 2?
-111010
Convert 334 (base 6) to base 13.
a0
What is -10001100 (base 2) in base 5?
-1030
Convert -48 (base 10) to base 8.
-60
What is 30 (base 12) in base 7?
51
What is 22 (base 4) in base 9?
11
What is -36 (base 10) in base 7?
-51
b (base 15) to base 12
b
Convert -7 (base 14) to base 3.
-21
Convert -2 (base 15) to base 13.
-2
What is -323 (base 6) in base 15?
-83
7 (base 16) to base 5
12
Convert -4c (base 15) to base 3.
-2200
-65 (base 11) to base 10
-71
-6 (base 11) to base 5
-11
Convert -44 (base 14) to base 11.
-55
Convert 3 (base 13) to base 7.
3
What is 114 (base 5) in base 15?
24
110 (base 2) to base 7
6
442 (base 6) to base 5
1140
-1 (base 13) to base 10
-1
What is -4 (base 10) in base 13?
-4
What is 1 (base 7) in base 10?
1
1 (base 6) to base 8
1
Convert 2 (base 10) to base 15.
2
8b (base 12) to base 7
212
-17 (base 9) to base 15
-11
Convert 43 (base 8) to base 9.
38
-b (base 14) to base 9
-12
Convert 0 (base 7) to base 15.
0
What is -92 (base 12) in base 9?
-132
-122 (base 3) to base 16
-11
What is 12 (base 7) in base 15?
9
Convert 113 (base 9) to base 7.
162
32 (base 12) to base 6
102
What is -36 (base 11) in base 5?
-124
What is -50 (base 9) in base 15?
-30
What is -1001000 (base 2) in base 14?
-52
-1a (base 13) to base 6
-35
Convert -243 (base 7) to base 16.
-81
3 (base 10) to base 11
3
What is -51 (base 13) in base 5?
-231
What is -1321 (base 4) in base 12?
-a1
-75 (base 11) to base 5
-312
11 (base 4) to base 12
5
What is 9 (base 12) in base 7?
12
Convert 1000 (base 4) to base 15.
44
-21 (base 4) to base 13
-9
What is -139 (base 13) in base 8?
-331
Convert 10 (base 10) to base 6.
14
What is -3 (base 16) in base 8?
-3
What is -22 (base 6) in base 9?
-15
-31 (base 8) to base 6
-41
Convert 47 (base 14) to base 4.
333
Convert 25 (base 15) to base 6.
55
What is 1 (base 9) in base 12?
1
What is -12 (base 9) in base 16?
-b
-11 (base 14) to base 5
-30
Convert 20 (base 3) to base 6.
10
Convert 11 (base 2) to base 6.
3
Convert -22 (base 10) to base 5.
-42
What is 30 (base 4) in base 8?
14
Convert 0 (base 10) to base 7.
0
Convert 10 (base 3) to base 16.
3
Convert -3000 (base 4) to base 16.
-c0
What is 4a (base 14) in base 3?
2110
Convert 0 (base 3) to base 6.
0
3 (base 9) to base 5
3
What is -4 (base 6) in base 5?
-4
21 (base 7) to base 12
13
What is -1 (base 15) in base 13?
-1
Convert -100100 (base 2) to base 16.
-24
Convert -27 (base 11) to base 4.
-131
-11101 (base 2) to base 7
-41
77 (base 10) to base 12
65
Convert 67 (base 12) to base 15.
54
-262 (base 7) to base 9
-167
Convert 25 (base 14) to base 11.
30
Convert -22 (base 5) to base 9.
-13
What is -4 (base 11) in base 15?
-4
What is -10 (base 7) in base 3?
-21
What is -21 (base 4) in base 12?
-9
1 (base 4) to base 3
1
Convert -20 (base 3) to base 8.
-6
-2 (base 15) to base 4
-2
Convert 121 (base 14) to base 13.
144
What is 7 (base 16) in base 12?
7
What is -2 (base 12) in base 7?
-2
-21 (base 3) to base 15
-7
Convert 92 (base 13) to base 14.
87
-1b (base 13) to base 16
-18
31 (base 7) to base 8
26
1a (base 11) to base 15
16
Convert -15 (base 13) to base 5.
-33
13 (base 14) to base 12
15
14a (base 15) to base 16
127
Convert 24 (base 7) to base 16.
12
Convert -101010 (base 2) to base 3.
-1120
Convert 11 (base 11) to base 6.
20
Convert -1 (base 7) to base 11.
-1
Convert 36 (base 15) to base 6.
123
Convert -196 (base 15) to base 4.
-11232
What is -10 (base 7) in base 14?
-7
What is -102 (base 4) in base 3?
-200
-20 (base 4) to base 5
-13
What is -231 (base 5) in base 12?
-56
-13 (base 9) to base 8
-14
a (base 16) to base 3
101
-101 (base 2) to base 5
-10
What is 5 (base 16) in base 12?
5
13 (base 6) to base 2
1001
3 (base 7) to base 13
3
What is -13 (base 5) in base 16?
-8
What is -25 (base 11) in base 14?
-1d
-2 (base 9) to base 5
-2
201 (base 6) to base 2
1001001
Convert -3 (base 8) to base 14.
-3
7a (base 14) to base 13
84
2 (base 16) to base 7
2
5 (base 9) to base 14
5
-2 (base 10) to base 15
-2
What is -12 (base 11) in base 3?
-111
-143 (base 6) to base 14
-47
Convert -44 (base 10) to base 8.
-54
Convert 23 (base 10) to base 2.
10111
What is -1010 (base 2) in base 5?
-20
What is -11001100 (base 2) in base 13?
-129
Convert -1 (base 3) to base 5.
-1
Convert -215 (base 7) to base 2.
-1101110
Convert -22 (base 4) to base 9.
-11
Convert -160 (base 10) to base 4.
-2200
1 (base 13) to base 8
1
What is -2d (base 14) in base 2?
-101001
Convert -124 (base 14) to base 10.
-228
What is 2 (base 16) in base 12?
2
Convert -8 (base 16) to base 5.
-13
Convert -316 (base 10) to base 4.
-10330
What is -101 (base 3) in base 7?
-13
What is 0 (base 9) in base 2?
0
Convert 3 (base 16) to base 7.
3
What is -22 (base 7) in base 15?
-11
-3 (base 6) to base 4
-3
Convert 206 (base 10) to base 9.
248
1033 (base 4) to base 15
54
Convert 0 (base 16) to base 6.
0
Convert 38 (base 9) to base 3.
1022
What is 0 (base 16) in base 15?
0
What is 27 (base 16) in base 7?
54
-67 (base 8) to base 12
-47
Convert -40 (base 9) to base 4.
-210
What is 11110 (base 2) in base 11?
28
What is -53 (base 7) in base 6?
-102
What is -1110 (base 3) in base 6?
-103
Convert -233 (base 5) to base 3.
-2112
5 (base 8) to base 9
5
What is -3 (base 6) in base 13?
-3
Convert 7 (base 15) to base 6.
11
Convert -4 (base 14) to base 9.
-4
Convert 2 (base 9) to base 5.
2
What is 19 (base 12) in base 14?
17
Convert 117 (base 10) to base 16.
75
Convert -2 (base 10) to base 15.
-2
Convert 6 (base 14) to base 4.
12
What is -53 (base 14) in base 13?
-58
Convert -3 (base 6) to base 5.
-3
What is -